644
-525235 (base 6) to base 15
-c982
-6172527 (base 8) to base 9
-3062642
What is -1103302321 (base 4) in base 11?
-214963
Convert 620454 (base 15) to base 9.
8680207
What is 6d5e8 (base 15) in base 9?
581622
What is 122321200 (base 4) in base 5?
12011201
What is 203331200 (base 4) in base 11?
a0736
Convert -384494 (base 10) to base 12.
-166612
858c7 (base 16) to base 7
4435540
-383631 (base 10) to base 6
-12120023
10210313112 (base 4) to base 5
301341244
-11201201112 (base 3) to base 15
-1c8c5
What is 16c43b (base 14) in base 15?
10c9c5
Convert -16bd22 (base 15) to base 4.
-10031111213
Convert -15330253 (base 7) to base 2.
-101100110110001101100
What is 10064506 (base 9) in base 15?
654c5c
5a041 (base 11) to base 14
2378c
21432320 (base 5) to base 15
3a440
What is -2681730 (base 10) in base 16?
-28eb82
Convert 333013311 (base 4) to base 12.
105759
Convert -1a8a3 (base 11) to base 16.
-7168
430488 (base 9) to base 13
8c861
Convert -12637 (base 14) to base 5.
-2421004
What is -64255 (base 12) in base 10?
-131681
What is -554316 (base 7) in base 3?
-11221211210
-cbd74 (base 16) to base 6
-25521232
What is 4c66b (base 13) in base 3?
21012101120
What is -2a2ac (base 13) in base 8?
-233324
Convert 520439 (base 14) to base 11.
161a801
Convert 778783 (base 9) to base 10.
465744
Convert 93650 (base 10) to base 14.
261b4
What is 21a820 (base 13) in base 6?
25010115
What is -63fe0 (base 16) in base 5?
-101101233
20021000100 (base 3) to base 16
1e14a
What is -2321113 (base 5) in base 13?
-16194
2736707 (base 8) to base 7
6353244
4112241 (base 7) to base 13
14240a
Convert -786938 (base 10) to base 14.
-166adc
What is 5b23 (base 15) in base 5?
1110013
What is 1000146 (base 9) in base 15?
a7779
Convert 28352237 (base 9) to base 15.
1371b67
11a09b (base 14) to base 5
123310232
-110000000110000110000 (base 2) to base 8
-6006060
-1220020112 (base 4) to base 13
-11c1a1
Convert 883080 (base 10) to base 6.
30532200
Convert 1002276 (base 8) to base 14.
6bd94
334153 (base 7) to base 13
20b7b
57207 (base 9) to base 16
94bd
What is -11101000120 (base 3) in base 7?
-505560
-11033212 (base 5) to base 12
-47709
Convert 425147 (base 9) to base 11.
16316a
10101101010011111 (base 2) to base 8
255237
Convert -56cc (base 14) to base 13.
-6b29
Convert -26694 (base 11) to base 16.
-94d1
Convert -3060 (base 10) to base 12.
-1930
What is -1194617 (base 10) in base 13?
-32a998
Convert ca6b06 (base 14) to base 4.
122021333202
1020212010121 (base 3) to base 7
5443603
Convert 40022 (base 5) to base 6.
15344
What is -2232230 (base 4) in base 12?
-6578
What is a3216 (base 12) in base 4?
303331302
Convert 10331031200 (base 4) to base 12.
527aa8
Convert 10120002211 (base 4) to base 10.
1147045
-1621631 (base 8) to base 16
-72399
Convert -1713d02 (base 14) to base 6.
-1043044114
What is 552030122 (base 6) in base 3?
200121201101212
Convert -2276426 (base 12) to base 3.
-110110121211110
What is 1077201 (base 9) in base 16?
8e3ea
20423644 (base 7) to base 13
48313c
What is -2a7509 (base 14) in base 13?
-3ca857
10011011100000001110111 (base 2) to base 3
100120212202211
Convert -15255052 (base 7) to base 3.
-2202010120221
What is 42002204 (base 7) in base 11?
1aa1376
Convert 9b1cd6 (base 14) to base 5.
2322041101
What is -111011010100000110 (base 2) in base 9?
-410234
-123010033 (base 4) to base 12
-541a7
-2417755 (base 8) to base 15
-d1908
Convert 148533 (base 16) to base 4.
11020110303
-10751 (base 9) to base 10
-7174
-27c74 (base 16) to base 3
-22021111112
-3510202 (base 7) to base 4
-1223102323
Convert 526655 (base 7) to base 6.
1542205
337112 (base 10) to base 3
122010102122
Convert -10152301 (base 6) to base 12.
-122691
-5044324 (base 7) to base 12
-24aa4a
-1110010001111111111011 (base 2) to base 9
-7035400
Convert -9bb466 (base 12) to base 3.
-11200100212020
What is 1056467 (base 13) in base 4?
103000230011
What is 11102122011000 (base 3) in base 2?
1000111110111001011010
Convert 1118868 (base 9) to base 13.
181973
2ab59 (base 16) to base 12
852a1
-42302035 (base 6) to base 2
-100101101111101100111
Convert 5a1c91 (base 15) to base 8.
20340530
314e2 (base 16) to base 2
110001010011100010
-101011000110100111 (base 2) to base 13
-6248b
-41003442 (base 6) to base 2
-100011100111101110010
What is -50505 (base 12) in base 3?
-12022012212
What is -1617666 (base 8) in base 7?
-3653065
Convert 85394 (base 13) to base 6.
5051325
Convert 111181 (base 12) to base 3.
111210110221
What is -c131 (base 13) in base 16?
-67cd
-7dbe3 (base 15) to base 8
-1417052
Convert -110111012 (base 3) to base 5.
-242404
What is 1210211020220 (base 3) in base 14?
1b0316
1110210021 (base 3) to base 2
111000101001101
What is 1725773 (base 8) in base 12?
202b63
What is 211010002022010 (base 3) in base 16?
b353ec
Convert 661422 (base 7) to base 10.
115803
Convert d97ad (base 14) to base 12.
214225
101100111000100110 (base 2) to base 8
547046
Convert -476757 (base 9) to base 3.
-112120211221
Convert 245849 (base 10) to base 16.
3c059
Convert 2a851a8 (base 12) to base 15.
b58828
What is -2bba (base 14) in base 5?
-222213
Convert -10100001111000110011100 (base 2) to base 3.
-100222111201120
5626 (base 15) to base 12
a699
-110001001000111011100 (base 2) to base 11
-9aa852
Convert 1101232332 (base 4) to base 9.
560210
Convert 2651a06 (base 11) to base 9.
8557614
Convert -164383 (base 10) to base 6.
-3305011
What is 2343560 (base 8) in base 14?
1297b2
8b30a (base 13) to base 16
3dcf4
Convert -116d048 (base 14) to base 12.
-295a820
Convert -811db (base 14) to base 5.
-34413321
What is -21311010 (base 4) in base 14?
-1095a
Convert 13145 (base 10) to base 12.
7735
300310332330 (base 4) to base 16
c34fbc
What is 198501 (base 14) in base 15?
12d8d6
Convert -115c997 (base 15) to base 12.
-4202514
What is 2086d (base 14) in base 5?
10002442
41290 (base 13) to base 10
116896
906317 (base 11) to base 6
51125110
Convert 11211022121 (base 3) to base 15.
1d237
938482 (base 12) to base 10
2316194
What is 4e3f6 (base 16) in base 5?
40224002
What is -1100102323 (base 4) in base 3?
-121201011011
-36425 (base 12) to base 5
-4320211
Convert 332342401 (base 5) to base 3.
2201122122120
Convert 1111102102020 (base 3) to base 15.
10ab2c
What is -1202350 (base 7) in base 15?
-30121
What is -237164 (base 13) in base 10?
-843899
What is 301134134 (base 6) in base 10?
5098090
841a1 (base 11) to base 16
1df3c
-731772 (base 9) to base 8
-1520323
4150170 (base 10) to base 7
50163423
130123310 (base 4) to base 5
12211333
-101012302 (base 4) to base 6
-1300214
Convert 10101020110120 (base 3) to base 9.
3336416
What is -1415 (base 12) in base 8?
-4421
122002112221 (base 3) to base 13
ba1c6
Convert 22104213 (base 5) to base 11.
120703
Convert -17460a (base 14) to base 3.
-1112121022120
Convert bdb8f (base 16) to base 6.
24353411
-163a8 (base 16) to base 6
-1541304
Convert 13619 (base 16) to base 14.
20d05
Convert -2113214 (base 8) to base 3.
-1001121001111
What is 110101111000000100 (base 2) in base 13?
795a1
4a54b (base 12) to base 5
11213003
2314523 (base 6) to base 13
42216
What is 1354b9 (base 12) in base 10?
320397
What is -3c61b (base 16) in base 5?
-30403243
-30105260 (base 7) to base 10
-2489291
What is -20130201211 (base 4) in base 7?
-24550531
11020121011222 (base 3) to base 9
4217158
586085 (base 9) to base 10
352184
Convert 220421 (base 15) to base 4.
12023233003
What is 793686 (base 10) in base 15?
10a276
-44441324 (base 5) to base 3
-201211021101
What is -10111010100100111000 (base 2) in base 15?
-10167b
-b8832 (base 12) to base 16
-3b5a6
-36457 (base 16) to base 6
-4433051
What is -536534 (base 7) in base 5?
-10443231
Convert -46101 (base 11) to base 6.
-1232400
-22303123 (base 4) to base 14
-121ab
What is 155514 (base 9) in base 4?
113122231
1011011101100011 (base 2) to base 8
133543
Convert -429463 (base 10) to base 5.
-102220323
Convert -32422203 (base 5) to base 11.
-181143
What is 1a332a2 (base 14) in base 15?
1226410
What is 135611 (base 12) in base 5?
40224212
11a0503 (base 12) to base 8
15104323
Convert 13bee1 (base 15) to base 16.
e85b8
Convert -3a5182 (base 11) to base 7.
-5260323
What is 23302343 (base 6) in base 12?
2aa9b3
Convert -187aad (base 14) to base 11.
-541aa3
10001001100101000101 (base 2) to base 14
10951b
20164 (bas